{"version":"1.0","provider_name":"cafdn","provider_url":"https:\/\/cafdn.org\/fr\/","author_name":"mkydev","author_url":"https:\/\/cafdn.org\/fr\/author\/mkydev\/","title":"Journ\u00e9e nationale pour la v\u00e9rit\u00e9 et la r\u00e9conciliation - cafdn","type":"rich","width":600,"height":338,"html":"<blockquote class=\"wp-embedded-content\" data-secret=\"5C9E24OjXc\"><a href=\"https:\/\/cafdn.org\/fr\/nouvelles\/journee-nationale-pour-la-verite-et-la-reconciliation\/\">Journ\u00e9e nationale pour la v\u00e9rit\u00e9 et la r\u00e9conciliation<\/a><\/blockquote><iframe sandbox=\"allow-scripts\" security=\"restricted\" src=\"https:\/\/cafdn.org\/fr\/nouvelles\/journee-nationale-pour-la-verite-et-la-reconciliation\/embed\/#?secret=5C9E24OjXc\" width=\"600\" height=\"338\" title=\"\u00ab\u00a0Journ\u00e9e nationale pour la v\u00e9rit\u00e9 et la r\u00e9conciliation\u00a0\u00bb &#8212; cafdn\" data-secret=\"5C9E24OjXc\" frameborder=\"0\" marginwidth=\"0\" marginheight=\"0\" scrolling=\"no\" class=\"wp-embedded-content\"><\/iframe><script>\n\/*! This file is auto-generated *\/\n!function(d,l){\"use strict\";l.querySelector&&d.addEventListener&&\"undefined\"!=typeof URL&&(d.wp=d.wp||{},d.wp.receiveEmbedMessage||(d.wp.receiveEmbedMessage=function(e){var t=e.data;if((t||t.secret||t.message||t.value)&&!\/[^a-zA-Z0-9]\/.test(t.secret)){for(var s,r,n,a=l.querySelectorAll('iframe[data-secret=\"'+t.secret+'\"]'),o=l.querySelectorAll('blockquote[data-secret=\"'+t.secret+'\"]'),c=new RegExp(\"^https?:$\",\"i\"),i=0;i<o.length;i++)o[i].style.display=\"none\";for(i=0;i<a.length;i++)s=a[i],e.source===s.contentWindow&&(s.removeAttribute(\"style\"),\"height\"===t.message?(1e3<(r=parseInt(t.value,10))?r=1e3:~~r<200&&(r=200),s.height=r):\"link\"===t.message&&(r=new URL(s.getAttribute(\"src\")),n=new URL(t.value),c.test(n.protocol))&&n.host===r.host&&l.activeElement===s&&(d.top.location.href=t.value))}},d.addEventListener(\"message\",d.wp.receiveEmbedMessage,!1),l.addEventListener(\"DOMContentLoaded\",function(){for(var e,t,s=l.querySelectorAll(\"iframe.wp-embedded-content\"),r=0;r<s.length;r++)(t=(e=s[r]).getAttribute(\"data-secret\"))||(t=Math.random().toString(36).substring(2,12),e.src+=\"#?secret=\"+t,e.setAttribute(\"data-secret\",t)),e.contentWindow.postMessage({message:\"ready\",secret:t},\"*\")},!1)))}(window,document);\n\/\/# sourceURL=https:\/\/cafdn.org\/wp-includes\/js\/wp-embed.min.js\n<\/script>\n","thumbnail_url":"https:\/\/cafdn.org\/wp-content\/uploads\/2022\/09\/OrangeShirtDay_FR.png","thumbnail_width":1200,"thumbnail_height":800,"description":"En r\u00e9ponse \u00e0 l&rsquo;un des appels \u00e0 l&rsquo;action de la Commission de v\u00e9rit\u00e9 et de r\u00e9conciliation du Canada, le 30 septembre a \u00e9t\u00e9 d\u00e9clar\u00e9 Journ\u00e9e nationale de la v\u00e9rit\u00e9 et de la r\u00e9conciliation. La Fondation pour l&rsquo;aide \u00e0 l&rsquo;enfance du Canada accorde une grande importance \u00e0 cette journ\u00e9e et \u00e0 sa signification, en particulier pour"}

Journée nationale pour la vérité et la réconciliation - cafdn

<blockquote class="wp-embedded-content" data-secret="5C9E24OjXc"><a href="https://cafdn.org/fr/nouvelles/journee-nationale-pour-la-verite-et-la-reconciliation/">Journée nationale pour la vérité et la réconciliation</a></blockquote><iframe sandbox="allow-scripts" security="restricted" src="https://cafdn.org/fr/nouvelles/journee-nationale-pour-la-verite-et-la-reconciliation/embed/#?secret=5C9E24OjXc" width="600" height="338" title="« Journée nationale pour la vérité et la réconciliation » &#8212; cafdn" data-secret="5C9E24OjXc" frameborder="0" marginwidth="0" marginheight="0" scrolling="no" class="wp-embedded-content"></iframe><script>
/*! This file is auto-generated */
!function(d,l){"use strict";l.querySelector&&d.addEventListener&&"undefined"!=typeof URL&&(d.wp=d.wp||{},d.wp.receiveEmbedMessage||(d.wp.receiveEmbedMessage=function(e){var t=e.data;if((t||t.secret||t.message||t.value)&&!/[^a-zA-Z0-9]/.test(t.secret)){for(var s,r,n,a=l.querySelectorAll('iframe[data-secret="'+t.secret+'"]'),o=l.querySelectorAll('blockquote[data-secret="'+t.secret+'"]'),c=new RegExp("^https?:$","i"),i=0;i<o.length;i++)o[i].style.display="none";for(i=0;i<a.length;i++)s=a[i],e.source===s.contentWindow&&(s.removeAttribute("style"),"height"===t.message?(1e3<(r=parseInt(t.value,10))?r=1e3:~~r<200&&(r=200),s.height=r):"link"===t.message&&(r=new URL(s.getAttribute("src")),n=new URL(t.value),c.test(n.protocol))&&n.host===r.host&&l.activeElement===s&&(d.top.location.href=t.value))}},d.addEventListener("message",d.wp.receiveEmbedMessage,!1),l.addEventListener("DOMContentLoaded",function(){for(var e,t,s=l.querySelectorAll("iframe.wp-embedded-content"),r=0;r<s.length;r++)(t=(e=s[r]).getAttribute("data-secret"))||(t=Math.random().toString(36).substring(2,12),e.src+="#?secret="+t,e.setAttribute("data-secret",t)),e.contentWindow.postMessage({message:"ready",secret:t},"*")},!1)))}(window,document);
//# sourceURL=https://cafdn.org/wp-includes/js/wp-embed.min.js
</script>

En réponse à l&rsquo;un des appels à l&rsquo;action de la Commission de vérité et de réconciliation du Canada, le 30 septembre a été déclaré Journée nationale de la vérité et de la réconciliation. La Fondation pour l&rsquo;aide à l&rsquo;enfance du Canada accorde une grande importance à cette journée et à sa signification, en particulier pour
